{"id":6049,"date":"2024-10-21T18:35:18","date_gmt":"2024-10-21T18:35:18","guid":{"rendered":"https:\/\/bankisuli.hu\/?page_id=6049"},"modified":"2024-10-21T19:11:42","modified_gmt":"2024-10-21T19:11:42","slug":"vallalkozasi-ugyviteli-ugyintezo","status":"publish","type":"page","link":"https:\/\/bankisuli.hu\/?page_id=6049","title":{"rendered":"V\u00e1llalkoz\u00e1si \u00fcgyviteli \u00fcgyint\u00e9z\u0151"},"content":{"rendered":"<p style=\"text-align: justify;\"><strong>Technikum<\/strong><\/p>\r\n<p style=\"text-align: justify;\">A technikum 9-12. \u00e9vfolyam\u00e1n el\u0151rehozott \u00e9retts\u00e9gire val\u00f3 felk\u00e9sz\u00edt\u00e9s \u00e9s \u00e1gazati szakmai oktat\u00e1s, szakk\u00e9pz\u00e9s folyik. A 13. \u00e9vfolyamon idegen nyelvi \u00e9s szakmai \u00e9retts\u00e9gire val\u00f3 felk\u00e9sz\u00edt\u00e9s folyik. Tanulm\u00e1nyi id\u0151 5 \u00e9v (4 \u00e9v ut\u00e1n, a 12. \u00e9vfolyam v\u00e9g\u00e9n el\u0151rehozott \u00e9retts\u00e9gi vizsga matematik\u00e1b\u00f3l, magyar nyelv \u00e9s irodalomb\u00f3l \u00e9s t\u00f6rt\u00e9nelemb\u0151l, majd az 5. \u00e9v \u2013 13. \u00e9vfolyam \u2013 v\u00e9g\u00e9n \u00e9retts\u00e9gi vizsga idegen nyelvb\u0151l \u00e9s szakmai vizsga).<\/p>\r\n<p style=\"text-align: justify;\">5 \u00c9VES K\u00c9PZ\u00c9S<\/p>\r\n<p style=\"text-align: justify;\">Gazd\u00e1lkod\u00e1s \u00e9s menedzsment \u00e1gazat 5 \u00e9ves k\u00e9pz\u00e9se, amely \u00e9retts\u00e9givel \u00e9s technikus szint\u0171 szakk\u00e9pzetts\u00e9g megszerz\u00e9s\u00e9vel z\u00e1rul.<\/p>\r\n<p style=\"text-align: justify;\"><strong>V\u00e1llalkoz\u00e1si \u00fcgyviteli \u00fcgyint\u00e9z\u0151<\/strong><\/p>\r\n<p style=\"text-align: justify;\">A szakk\u00e9pzetts\u00e9ggel rendelkez\u0151 alkalmas a v\u00e1llalkoz\u00e1s \u00fcgyviteli feladatainak v\u00e9grehajt\u00e1s\u00e1ra, r\u00e9szt vesz a sz\u00e1mviteli \u00e9s p\u00e9nz\u00fcgyi feladatainak ell\u00e1t\u00e1s\u00e1ban, k\u00f6zrem\u0171k\u00f6dik a mikro-, kis- \u00e9s k\u00f6z\u00e9pv\u00e1llalkoz\u00e1sok sz\u00e1mviteli \u00e9s p\u00e9nz\u00fcgyi feladatainak ell\u00e1t\u00e1s\u00e1ban, tov\u00e1bb\u00e1 egyes r\u00e9szfeladatokat \u00f6n\u00e1ll\u00f3an l\u00e1t el. Kapcsolatot tart a munkat\u00e1rsakkal, \u00fcgyfelekkel, illetve rendezv\u00e9nyeket, megbesz\u00e9l\u00e9seket szervez.<\/p>\r\n<p style=\"text-align: justify;\">KOMPETENCIAELV\u00c1R\u00c1S<\/p>\r\n<p style=\"text-align: justify;\">Agilis, j\u00f3 kommunik\u00e1ci\u00f3s k\u00e9sz\u00e9g, probl\u00e9mamegold\u00f3- \u00e9s szervez\u0151k\u00e9pess\u00e9g, csapatmunka, felel\u0151ss\u00e9gtudat, nyitotts\u00e1g az informatikai eszk\u00f6z\u00f6k haszn\u00e1lat\u00e1ra.<\/p>\r\n<p style=\"text-align: justify;\">A SZAKK\u00c9PZETTS\u00c9GGEL RENDELKEZ\u0150<\/p>\r\n\r\n<ul style=\"text-align: justify;\">\r\n \t<li>k\u00e9pes ell\u00e1tni a v\u00e1llalkoz\u00e1sok m\u0171k\u00f6dtet\u00e9s\u00e9hez sz\u00fcks\u00e9ges gazdas\u00e1gi folyamatok ter\u00e9n a r\u00e1b\u00edzott adminisztrat\u00edv feladatokat;<\/li>\r\n \t<li>irodai, illetve vezet\u0151i asszisztensi feladatokat l\u00e1t el;<\/li>\r\n \t<li>kapcsolattart\u00e1shoz sz\u00fcks\u00e9ges iratokat, leveleket, egy\u00e9b dokumentumokat k\u00e9sz\u00edt, szerkeszt, kezel;<\/li>\r\n \t<li>vezeti a v\u00e1llalkoz\u00e1sok nyilv\u00e1ntart\u00e1sait;<\/li>\r\n \t<li>k\u00f6zrem\u0171k\u00f6dik a k\u00fcl\u00f6nf\u00e9le szab\u00e1lyzatok elk\u00e9sz\u00edt\u00e9s\u00e9ben;<\/li>\r\n \t<li>r\u00e9szt vesz egyes \ufb01nansz\u00edroz\u00e1si feladatok adminisztrat\u00edv r\u00e9szfeladataiban;<\/li>\r\n \t<li>felt\u00e9rk\u00e9pezi \u00e9s nyomon k\u00f6veti az aktu\u00e1lis t\u00e1mogat\u00e1si lehet\u0151s\u00e9geket;<\/li>\r\n \t<li>k\u00f6zrem\u0171k\u00f6dik a v\u00e1llalkoz\u00e1s \u00fczleti terv\u00e9nek elk\u00e9sz\u00edt\u00e9s\u00e9ben;<\/li>\r\n \t<li>el\u0151k\u00e9sz\u00edti a munkaer\u0151-gazd\u00e1lkod\u00e1ssal kapcsolatos nyilv\u00e1ntart\u00e1sok iratait, azokat kezeli \u00e9s rendszerezi;<\/li>\r\n \t<li>kapcsolatot tart munkat\u00e1rsakkal, \u00fcgyfelekkel, partnerekkel, k\u00fcls\u0151 szervezetekkel;<\/li>\r\n \t<li>szervezeten bel\u00fcli \u00e9s k\u00edv\u00fcli rendezv\u00e9nyeket, programokat szervez.<\/li>\r\n<\/ul>\r\n<p style=\"text-align: justify;\">Aj\u00e1nlott minden fiatal sz\u00e1m\u00e1ra, akit \u00e9rdekel a v\u00e1llalkoz\u00e1sok m\u0171k\u00f6d\u00e9se, bels\u0151 folyamatai, azokhoz k\u00f6t\u0151d\u0151en sz\u00edvesen l\u00e1t el \u00fcgyviteli feladatokat. A szakk\u00e9pzetts\u00e9ggel rendelkez\u0151 elhelyezkedhet a gazdas\u00e1gi szf\u00e9r\u00e1ban \u2013 els\u0151sorban kis- \u00e9s k\u00f6z\u00e9pv\u00e1llalkoz\u00e1sokn\u00e1l \u2013 \u00fcgyint\u00e9z\u0151k\u00e9nt, de ak\u00e1r tov\u00e1bbtanulhat a gazdas\u00e1gi fels\u0151oktat\u00e1sban vagy magasabb szint\u0171 k\u00e9pes\u00edt\u00e9st szerezhet, mint pl.: m\u00e9rlegk\u00e9pes k\u00f6nyvel\u0151, ad\u00f3tan\u00e1csad\u00f3, banki szakember, v\u00e1mszakember.<\/p>\r\n\r\n\r\n<div class=\"wp-block-buttons is-layout-flex wp-block-buttons-is-layout-flex\">\r\n<div class=\"wp-block-button\"><a class=\"wp-block-button__link has-white-color has-text-color\" href=\"http:\/\/bankisuli.hu\/wp-content\/uploads\/2024\/10\/Vallalkozasi-ugyviteli-ugyintezo-2020.06.22.-v1.pdf\" target=\"_blank\" rel=\"noreferrer noopener\">Programtanterv<\/a><\/div>\r\n\r\n\r\n\r\n<div class=\"wp-block-button\"><a class=\"wp-block-button__link has-white-color has-text-color\" href=\"http:\/\/bankisuli.hu\/wp-content\/uploads\/2024\/10\/Vallalkozasi-ugyviteli-ugyintezo-2023.11.21.-v3.pdf\" target=\"_blank\" rel=\"noreferrer noopener\">K\u00e9pz\u00e9si \u00e9s kimeneti k\u00f6vetelm\u00e9nyek<\/a><\/div>\r\n<\/div>","protected":false},"excerpt":{"rendered":"<p>Technikum A technikum 9-12. \u00e9vfolyam\u00e1n el\u0151rehozott \u00e9retts\u00e9gire val\u00f3 felk\u00e9sz\u00edt\u00e9s \u00e9s \u00e1gazati szakmai oktat\u00e1s, szakk\u00e9pz\u00e9s folyik. A 13. \u00e9vfolyamon idegen nyelvi \u00e9s szakmai \u00e9retts\u00e9gire val\u00f3 felk\u00e9sz\u00edt\u00e9s folyik. Tanulm\u00e1nyi id\u0151 5 \u00e9v (4 \u00e9v ut\u00e1n, a 12. \u00e9vfolyam v\u00e9g\u00e9n el\u0151rehozott \u00e9retts\u00e9gi vizsga <a href=\"https:\/\/bankisuli.hu\/?page_id=6049\" class=\"read-more\">Tov\u00e1bb &#8230;<\/a><\/p>\n","protected":false},"author":5,"featured_media":0,"parent":0,"menu_order":0,"comment_status":"closed","ping_status":"closed","template":"","meta":{"ngg_post_thumbnail":0,"footnotes":""},"class_list":["post-6049","page","type-page","status-publish","hentry"],"_links":{"self":[{"href":"https:\/\/bankisuli.hu\/index.php?rest_route=\/wp\/v2\/pages\/6049","targetHints":{"allow":["GET"]}}],"collection":[{"href":"https:\/\/bankisuli.hu\/index.php?rest_route=\/wp\/v2\/pages"}],"about":[{"href":"https:\/\/bankisuli.hu\/index.php?rest_route=\/wp\/v2\/types\/page"}],"author":[{"embeddable":true,"href":"https:\/\/bankisuli.hu\/index.php?rest_route=\/wp\/v2\/users\/5"}],"replies":[{"embeddable":true,"href":"https:\/\/bankisuli.hu\/index.php?rest_route=%2Fwp%2Fv2%2Fcomments&post=6049"}],"version-history":[{"count":4,"href":"https:\/\/bankisuli.hu\/index.php?rest_route=\/wp\/v2\/pages\/6049\/revisions"}],"predecessor-version":[{"id":6097,"href":"https:\/\/bankisuli.hu\/index.php?rest_route=\/wp\/v2\/pages\/6049\/revisions\/6097"}],"wp:attachment":[{"href":"https:\/\/bankisuli.hu\/index.php?rest_route=%2Fwp%2Fv2%2Fmedia&parent=6049"}],"curies":[{"name":"wp","href":"https:\/\/api.w.org\/{rel}","templated":true}]}}