{"id":6558,"date":"2025-01-29T08:34:59","date_gmt":"2025-01-29T08:34:59","guid":{"rendered":"https:\/\/bankisuli.hu\/?page_id=6558"},"modified":"2025-12-15T06:44:29","modified_gmt":"2025-12-15T06:44:29","slug":"diakonkormanyzat","status":"publish","type":"page","link":"https:\/\/bankisuli.hu\/?page_id=6558","title":{"rendered":"Di\u00e1k\u00f6nkorm\u00e1nyzat"},"content":{"rendered":"<h1 style=\"text-align: center;\">A Di\u00e1k\u00f6nkorm\u00e1nyzat \u00e1ltal szervezett programok, r\u00e9szletes sz\u00f6veges \u00e9s k\u00e9pes besz\u00e1mol\u00f3it az al\u00e1bbi linken tal\u00e1lja:<\/h1>\n<h3 style=\"text-align: center;\"><a href=\"https:\/\/bankisuli.hu\/?cat=2\">https:\/\/bankisuli.hu\/?cat=2<\/a><\/h3>\n<h1 style=\"text-align: center;\">D\u00d6K-Szervezeti \u00e9s M\u0171k\u00f6d\u00e9si Szab\u00e1lyzat:<\/h1>\n<p style=\"text-align: center;\"><a href=\"http:\/\/bankisuli.hu\/wp-content\/uploads\/2025\/02\/DOK-SZMSZ.pdf\">D\u00d6K SZMSZ PDF<\/a><\/p>\n<h1 style=\"text-align: center;\">D\u00d6K-gy\u0171l\u00e9sen megszavazott programok:<\/h1>\n<h2 style=\"text-align: center;\">2023-2024:<\/h2>\n<p><a href=\"http:\/\/bankisuli.hu\/wp-content\/uploads\/2025\/01\/20240216_134211-scaled.jpg\"><img loading=\"lazy\" decoding=\"async\" class=\"aligncenter size-large wp-image-6569\" src=\"http:\/\/bankisuli.hu\/wp-content\/uploads\/2025\/01\/20240216_134211-1024x768.jpg\" alt=\"\" width=\"847\" height=\"635\" srcset=\"https:\/\/bankisuli.hu\/wp-content\/uploads\/2025\/01\/20240216_134211-1024x768.jpg 1024w, https:\/\/bankisuli.hu\/wp-content\/uploads\/2025\/01\/20240216_134211-300x225.jpg 300w, https:\/\/bankisuli.hu\/wp-content\/uploads\/2025\/01\/20240216_134211-768x576.jpg 768w, https:\/\/bankisuli.hu\/wp-content\/uploads\/2025\/01\/20240216_134211-1536x1152.jpg 1536w, https:\/\/bankisuli.hu\/wp-content\/uploads\/2025\/01\/20240216_134211-2048x1536.jpg 2048w, https:\/\/bankisuli.hu\/wp-content\/uploads\/2025\/01\/20240216_134211-360x270.jpg 360w\" sizes=\"auto, (max-width: 847px) 100vw, 847px\" \/><\/a><\/p>\n<p>&nbsp;<\/p>\n<h2 style=\"text-align: center;\">2024-2025:<\/h2>\n<p><a href=\"http:\/\/bankisuli.hu\/wp-content\/uploads\/2025\/01\/20241022_132212-scaled.jpg\"><img loading=\"lazy\" decoding=\"async\" class=\"aligncenter size-large wp-image-6567\" src=\"http:\/\/bankisuli.hu\/wp-content\/uploads\/2025\/01\/20241022_132212-1024x768.jpg\" alt=\"\" width=\"847\" height=\"635\" srcset=\"https:\/\/bankisuli.hu\/wp-content\/uploads\/2025\/01\/20241022_132212-1024x768.jpg 1024w, https:\/\/bankisuli.hu\/wp-content\/uploads\/2025\/01\/20241022_132212-300x225.jpg 300w, https:\/\/bankisuli.hu\/wp-content\/uploads\/2025\/01\/20241022_132212-768x576.jpg 768w, https:\/\/bankisuli.hu\/wp-content\/uploads\/2025\/01\/20241022_132212-1536x1152.jpg 1536w, https:\/\/bankisuli.hu\/wp-content\/uploads\/2025\/01\/20241022_132212-2048x1536.jpg 2048w, https:\/\/bankisuli.hu\/wp-content\/uploads\/2025\/01\/20241022_132212-360x270.jpg 360w\" sizes=\"auto, (max-width: 847px) 100vw, 847px\" \/><\/a><\/p>\n<p><a href=\"http:\/\/bankisuli.hu\/wp-content\/uploads\/2025\/01\/20241022_134800-scaled.jpg\"><img loading=\"lazy\" decoding=\"async\" class=\"aligncenter size-large wp-image-6568\" src=\"http:\/\/bankisuli.hu\/wp-content\/uploads\/2025\/01\/20241022_134800-1024x768.jpg\" alt=\"\" width=\"847\" height=\"635\" srcset=\"https:\/\/bankisuli.hu\/wp-content\/uploads\/2025\/01\/20241022_134800-1024x768.jpg 1024w, https:\/\/bankisuli.hu\/wp-content\/uploads\/2025\/01\/20241022_134800-300x225.jpg 300w, https:\/\/bankisuli.hu\/wp-content\/uploads\/2025\/01\/20241022_134800-768x576.jpg 768w, https:\/\/bankisuli.hu\/wp-content\/uploads\/2025\/01\/20241022_134800-1536x1152.jpg 1536w, https:\/\/bankisuli.hu\/wp-content\/uploads\/2025\/01\/20241022_134800-2048x1536.jpg 2048w, https:\/\/bankisuli.hu\/wp-content\/uploads\/2025\/01\/20241022_134800-360x270.jpg 360w\" sizes=\"auto, (max-width: 847px) 100vw, 847px\" \/><\/a><\/p>\n<p>&nbsp;<\/p>\n<h1 style=\"text-align: center;\">D\u00d6K munkaterv:<\/h1>\n<h2 style=\"text-align: center;\"><a href=\"http:\/\/bankisuli.hu\/wp-content\/uploads\/2025\/11\/DOK-munkaterv.pdf\">D\u00d6K munkaterv 2025-2026.tan\u00e9v I.f\u00e9l\u00e9v<\/a><\/h2>\n<h1 style=\"text-align: center;\">Di\u00e1k\u00f6nkorm\u00e1nyzat kir\u00e1ndul\u00e1s Budapest Terror H\u00e1za M\u00fazeum:<\/h1>\n<h2 style=\"text-align: center;\"><a href=\"https:\/\/bankisuli.hu\/?p=8923\">Di\u00e1k\u00f6nkorm\u00e1nyzat kir\u00e1ndul\u00e1s &#8211; Budapest Terror H\u00e1za M\u00fazeum<\/a><\/h2>\n<h1 style=\"text-align: center;\">D\u00d6K besz\u00e1mol\u00f3k:<\/h1>\n<h2 style=\"text-align: center;\"><a href=\"http:\/\/bankisuli.hu\/wp-content\/uploads\/2025\/01\/DOK-beszamolo-2023-2024.-tanev-vege.pdf\">2023-2024-es tan\u00e9v v\u00e9gi D\u00d6K besz\u00e1mol\u00f3 &#8211; PDF<\/a><\/h2>\n<h2 style=\"text-align: center;\"><a href=\"http:\/\/bankisuli.hu\/wp-content\/uploads\/2025\/01\/DOK_beszamolo_feleves_2024_2025.pdf\">2024-2025-\u00f6s f\u00e9l\u00e9v v\u00e9gi D\u00d6K besz\u00e1mol\u00f3 &#8211; PDF<\/a><\/h2>\n<h2 style=\"text-align: center;\"><a href=\"http:\/\/bankisuli.hu\/wp-content\/uploads\/2025\/10\/DOK_beszamolo_ev-vegi_2024_2025.pdf\">2024-2025-\u00f6s tan\u00e9v v\u00e9gi D\u00d6K besz\u00e1mol\u00f3 &#8211; PDF<\/a><\/h2>\n","protected":false},"excerpt":{"rendered":"<p>A Di\u00e1k\u00f6nkorm\u00e1nyzat \u00e1ltal szervezett programok, r\u00e9szletes sz\u00f6veges \u00e9s k\u00e9pes besz\u00e1mol\u00f3it az al\u00e1bbi linken tal\u00e1lja: https:\/\/bankisuli.hu\/?cat=2 D\u00d6K-Szervezeti \u00e9s M\u0171k\u00f6d\u00e9si Szab\u00e1lyzat: D\u00d6K SZMSZ PDF D\u00d6K-gy\u0171l\u00e9sen megszavazott programok: 2023-2024: &nbsp; 2024-2025: &nbsp; D\u00d6K munkaterv: D\u00d6K munkaterv 2025-2026.tan\u00e9v I.f\u00e9l\u00e9v Di\u00e1k\u00f6nkorm\u00e1nyzat kir\u00e1ndul\u00e1s Budapest Terror H\u00e1za <a href=\"https:\/\/bankisuli.hu\/?page_id=6558\" class=\"read-more\">Tov\u00e1bb &#8230;<\/a><\/p>\n","protected":false},"author":5,"featured_media":0,"parent":0,"menu_order":0,"comment_status":"closed","ping_status":"closed","template":"","meta":{"ngg_post_thumbnail":0,"footnotes":""},"class_list":["post-6558","page","type-page","status-publish","hentry"],"_links":{"self":[{"href":"https:\/\/bankisuli.hu\/index.php?rest_route=\/wp\/v2\/pages\/6558","targetHints":{"allow":["GET"]}}],"collection":[{"href":"https:\/\/bankisuli.hu\/index.php?rest_route=\/wp\/v2\/pages"}],"about":[{"href":"https:\/\/bankisuli.hu\/index.php?rest_route=\/wp\/v2\/types\/page"}],"author":[{"embeddable":true,"href":"https:\/\/bankisuli.hu\/index.php?rest_route=\/wp\/v2\/users\/5"}],"replies":[{"embeddable":true,"href":"https:\/\/bankisuli.hu\/index.php?rest_route=%2Fwp%2Fv2%2Fcomments&post=6558"}],"version-history":[{"count":14,"href":"https:\/\/bankisuli.hu\/index.php?rest_route=\/wp\/v2\/pages\/6558\/revisions"}],"predecessor-version":[{"id":8947,"href":"https:\/\/bankisuli.hu\/index.php?rest_route=\/wp\/v2\/pages\/6558\/revisions\/8947"}],"wp:attachment":[{"href":"https:\/\/bankisuli.hu\/index.php?rest_route=%2Fwp%2Fv2%2Fmedia&parent=6558"}],"curies":[{"name":"wp","href":"https:\/\/api.w.org\/{rel}","templated":true}]}}